31955 is divided by 254.
253
Calculate the remainder when 4528895 is divided by 238.
231
Calculate the remainder when 197602129 is divided by 877.
874
Calculate the remainder when 59701 is divided by 1124.
129
What is the remainder when 802394 is divided by 57308?
82
What is the remainder when 211677 is divided by 1907?
0
What is the remainder when 1252881 is divided by 2333?
60
Calculate the remainder when 1192246 is divided by 1733.
1675
What is the remainder when 6631164 is divided by 288?
252
Calculate the remainder when 277932986 is divided by 5.
1
What is the remainder when 492835 is divided by 311?
211
What is the remainder when 308651 is divided by 3960?
3731
What is the remainder when 970868 is divided by 2267?
592
What is the remainder when 16376702 is divided by 151?
148
Calculate the remainder when 8038208 is divided by 156.
152
Calculate the remainder when 12683 is divided by 195.
8
What is the remainder when 12621 is divided by 1400?
21
Calculate the remainder when 12726082 is divided by 92.
90
Calculate the remainder when 31450557 is divided by 12.
9
What is the remainder when 44036172 is divided by 60241?
1
What is the remainder when 135546237 is divided by 7464?
7461
Calculate the remainder when 128648 is divided by 6425.
148
Calculate the remainder when 225791 is divided by 67.
1
Calculate the remainder when 20660768 is divided by 56.
16
What is the remainder when 27000 is divided by 2690?
100
Calculate the remainder when 8953148 is divided by 3176.
4
Calculate the remainder when 417796 is divided by 2678.
28
Calculate the remainder when 68811397 is divided by 23.
20
Calculate the remainder when 1462882 is divided by 24378.
202
Calculate the remainder when 16968133 is divided by 8483998.
137
What is the remainder when 354298 is divided by 118095?
13
Calculate the remainder when 51233 is divided by 1776.
1505
What is the remainder when 23865 is divided by 72?
33
Calculate the remainder when 10855 is divided by 1204.
19
What is the remainder when 42638398 is divided by 80?
78
What is the remainder when 18617969 is divided by 70?
69
What is the remainder when 1644955 is divided by 142?
27
Calculate the remainder when 2922179 is divided by 7233.
47
Calculate the remainder when 611229 is divided by 202694.
3147
What is the remainder when 12119 is divided by 22?
19
Calculate the remainder when 2465066 is divided by 3363.
3350
Calculate the remainder when 16514499 is divided by 11242.
1
Calculate the remainder when 5390 is divided by 1228.
478
What is the remainder when 181633 is divided by 101?
35
Calculate the remainder when 10778 is divided by 1656.
842
Calculate the remainder when 153756 is divided by 11826.
18
What is the remainder when 32470257 is divided by 1465?
1462
Calculate the remainder when 65832825 is divided by 2.
1
What is the remainder when 430723 is divided by 86135?
48
What is the remainder when 513229 is divided by 1782?
13
Calculate the remainder when 106868 is divided by 105696.
1172
What is the remainder when 659697195 is divided by 5898?
5895
Calculate the remainder when 3403883 is divided by 3072.
107
What is the remainder when 3375599 is divided by 9?
5
Calculate the remainder when 60685 is divided by 58300.
2385
Calculate the remainder when 34570 is divided by 7888.
3018
Calculate the remainder when 3201051 is divided by 525.
126
Calculate the remainder when 3076286 is divided by 114.
110
What is the remainder when 85428596 is divided by 2287?
2285
What is the remainder when 1126642 is divided by 537?
16
What is the remainder when 286915 is divided by 17931?
19
Calculate the remainder when 1628154 is divided by 50.
4
Calculate the remainder when 1904132 is divided by 476018.
60
What is the remainder when 442121 is divided by 42?
29
Calculate the remainder when 26394867 is divided by 34146.
9
What is the remainder when 246422 is divided by 24613?
292
Calculate the remainder when 4785688 is divided by 285.
253
What is the remainder when 33802 is divided by 6745?
77
What is the remainder when 375813 is divided by 2462?
1589
What is the remainder when 385909 is divided by 128415?
664
What is the remainder when 240293 is divided by 239995?
298
What is the remainder when 98040 is divided by 2293?
1734
Calculate the remainder when 199073046 is divided by 85.
71
What is the remainder when 255328526 is divided by 98?
12
What is the remainder when 8140567 is divided by 674?
669
What is the remainder when 528739 is divided by 4975?
1389
What is the remainder when 4700325 is divided by 885?
90
What is the remainder when 448903 is divided by 2180?
2003
Calculate the remainder when 3831712 is divided by 2832.
16
What is the remainder when 1323610 is divided by 622?
616
Calculate the remainder when 4737932 is divided by 29067.
11
What is the remainder when 13917506 is divided by 8?
2
What is the remainder when 44616 is divided by 44616?
0
Calculate the remainder when 19451509 is divided by 5671.
5650
What is the remainder when 8470395 is divided by 1310?
1245
Calculate the remainder when 273373 is divided by 34158.
109
Calculate the remainder when 66220 is divided by 1514.
1118
What is the remainder when 214678 is divided by 358?
236
Calculate the remainder when 2368667 is divided by 1183743.
1181
What is the remainder when 2061520 is divided by 22654?
6
What is the remainder when 327643 is divided by 95?
83
Calculate the remainder when 203185 is divided by 265.
195
Calculate the remainder when 101221 is divided by 261.
214
What is the remainder when 7458295 is divided by 21?
19
What is the remainder when 420122 is divided by 16158?
14
What is the remainder when 326908 is divided by 309?
295
Calculate the remainder when 45482 is divided by 14679.
1445
What is the remainder when 3087165 is divided by 56?
53
Calculate the remainder when 161188 is divided by 2227.
844
What is the remainder when 104808548 is divided by 7778?
7776
Calculate the remainder when 738741 is divided by 15600.
5541
Calculate the remainder when 45834 is divided by 7626.
78
Calculate the remainder when 845148804 is divided by 843.
840
Calculate the remainder when 25250 is divided by 24905.
345
Calculate the remainder when 492585 is divided by 5.
0
What is the remainder when 196900 is divided by 975?
925
Calculate the remainder when 22393367 is divided by 387.
386
What is the remainder when 33003921 is divided by 24520?
1
What is the remainder when 41344204 is divided by 689070?
4
Calculate the remainder when 12614258 is divided by 1051187.
14
What is the remainder when 74648934 is divided by 1049?
1045
What is the remainder when 32453205 is divided by 2704428?
69
Calculate the remainder when 4715760 is divided by 105.
0
Calculate the remainder when 3116297 is divided by 155804.
217
What is the remainder when 36575919 is divided by 1168?
1167
What is the remainder when 21457190 is divided by 328?
86
What is the remainder when 3062318 is divided by 374?
6
What is the remainder when 120738243 is divided by 262?
259
Calculate the remainder when 14194014 is divided by 383622.
0
What is the remainder when 1537430 is divided by 1584?
950
What is the remainder when 431546 is divided by 215637?
272
What is the remainder when 4931200 is divided by 466?
454
What is the remainder when 1277249245 is divided by 97?
96
Calculate the remainder when 5393124 is divided by 13864.
28
Calculate the remainder when 1294563 is divided by 5157.
156
What is the remainder when 599581 is divided by 177?
82
What is the remainder when 679162 is divided by 253?
110
What is the remainder when 140172 is divided by 10779?
45
What is the remainder when 44308022 is divided by 2461555?
32
What is the remainder when 1338474 is divided by 133825?
224
Calculate the remainder when 3572431 is divided by 13.
5
Calculate the remainder when 46960469 is divided by 1029.
1025
Calculate the remainder when 237453 is divided by 79132.
57
Calculate the remainder when 3090926 is divided by 8683.
8461
Calculate the remainder when 619296 is divided by 20630.
396
Calculate the remainder when 178495270 is divided by 1813.
1794
Calculate the remainder when 2825222 is divided by 1349.
416
Calculate the remainder when 160456 is divided by 38312.
7208
What is the remainder when 10584544 is divided by 7958